 1380*d - 166. Determine z(12).
-22
Let s(o) = o**2 + 1320*o - 9351. Determine s(7).
-62
Let m(c) = 4*c**3 - 82*c**2 - 2688*c + 8763. Determine m(3).
69
Let o(y) = -5*y**2 - 3995*y + 172212. Give o(-840).
12
Let n(g) = -6*g**2 - 1646*g - 89938. Give n(-199).
10
Let s(i) = -262477*i - 1837361. What is s(-7)?
-22
Let r(o) = 3*o**2 - 207*o - 6015. Determine r(-22).
-9
Let k(m) = -m**2 + 67414*m + 134835. Calculate k(-2).
3
Let i(h) = -h**3 - 13*h**2 + 134*h + 1320. What is i(-12)?
-432
Let s(p) = 11*p**2 - 90*p + 21. What is s(10)?
221
Let o(i) = 1531*i - 24487. Calculate o(16).
9
Let v(c) = c**3 + 7*c**2 - 27*c + 1335. Calculate v(-15).
-60
Let y(u) = u**3 + 25*u**2 - 3679*u - 94739. What is y(-26)?
239
Let w(n) = -8944*n - 9007. Calculate w(-1).
-63
Let a(k) = -k**3 + 88*k**2 + 71*k + 1589. What is a(89)?
-13
Let h(j) = 1279*j + 23502. Give h(-19).
-799
Let g(t) = -11*t**3 + 5246*t**2 - 4760*t + 8. Determine g(476).
8
Let m(u) = -33*u**2 - 83*u + 14. Give m(-4).
-182
Let f(y) = 26*y**2 + 4946*y + 59891. Give f(-13).
-13
Let h(x) = -9*x**2 - 688*x - 4923. Give h(-7).
-548
Let p(l) = -4*l**2 - 1038*l - 12112. Determine p(-12).
-232
Let w(i) = -i**3 + 492*i**2 + 14562*i - 1022. Calculate w(520).
18
Let j(k) = -41*k**2 - 5712*k - 7453. Give j(-138).
-1
Let d(v) = 1530*v - 5349. Calculate d(4).
771
Let w(f) = -504*f - 9567. Calculate w(-19).
9
Let r(c) = c**3 - 3*c**2 - 19740*c - 59175. What is r(-3)?
-9
Let i(c) = 10*c**2 + 158*c - 138. What is i(-26)?
2514
Let h(k) = 8*k**2 - 97*k + 194. What is h(9)?
-31
Let r(a) = 4*a**2 + 1587*a - 150345. Determine r(79).
-8
Let f(t) = 519*t + 3359. Calculate f(-7).
-274
Let l(i) = -3*i**2 + 23075*i + 253960. Determine l(-11).
-228
Let m(w) = 4*w**3 - 47*w**2 - 104*w + 1128. Give m(12).
24
Let w(z) = -56591*z - 3848187. What is w(-68)?
1
Let x(u) = -u**3 + 277*u**2 - 18833*u - 13412. Determine x(123).
-5
Let w(n) = -2*n**3 - 121*n**2 + 235*n + 5. Determine w(2).
-25
Let i(u) = -830800*u + 7477179. Give i(9).
-21
Let l(f) = 6*f**2 - 35*f + 30. Determine l(12).
474
Let a(v) = 1595*v + 9601. Determine a(-6).
31
Let f(q) = 3*q**2 - 72*q + 574. Calculate f(23).
505
Let c(t) = -57*t**2 + 53*t - 112. Calculate c(2).
-234
Let f(x) = 170*x**2 - 5481*x + 1316. What is f(32)?
4
Let d(a) = 1431*a - 15741. Calculate d(11).
0
Let t(s) = 2*s**2 - 157410*s - 1416853. Calculate t(-9).
-1
Let u(g) = g**2 + 272*g + 5010. What is u(-20)?
-30
Let z(i) = 3*i**3 - 3731*i**2 - 79675*i - 97. What is z(-21)?
-76
Let z(t) = t**3 - 4*t**2 - 8768*t + 43814. Determine z(5).
-1
Let h(z) = -2*z**3 - 47*z**2 + 93*z + 251. Give h(-25).
-199
Let o(k) = 12*k**3 - 19*k + 37. Give o(2).
95
Let y(g) = -26*g - 216. Calculate y(-56).
1240
Let k(v) = v**3 - 9*v**2 + 18828*v - 264528. Determine k(14).
44
Let y(u) = 6*u**2 - 171*u + 2362. Calculate y(18).
1228
Let r(z) = 766*z + 132137. Calculate r(-172).
385
Let w(l) = 4862*l - 24467. What is w(5)?
-157
Let q(w) = 2*w**2 - 79*w + 832. Give q(9).
283
Let b(y) = -1186*y + 13254. Calculate b(11).
208
Let q(p) = -3702*p - 148133. Give q(-41).
3649
Let j(f) = 7*f**2 - 16*f - 950. What is j(21)?
1801
Let s(p) = -46*p**2 + 130*p - 949. What is s(8)?
-2853
Let d(l) = -189531*l - 5496429. Determine d(-29).
-30
Let a(d) = -d**3 - 139*d**2 - 129*d + 1315. What is a(-138)?
73
Let u(t) = 3*t**2 - 3332*t + 396746. Determine u(975).
-79
Let u(q) = -q**3 + 6*q**2 + 53*q - 156. What is u(10)?
-26
Let u(d) = 5*d**3 + 576*d**2 + 1218*d - 2831. Give u(-113).
-6
Let l(g) = 1182*g + 13304. Give l(-11).
302
Let o(j) = -21*j**3 - 6*j**2 - 37*j - 11. Give o(3).
-743
Let c(q) = q**3 - 59*q**2 - 268*q - 1574. Determine c(64).
1754
Let a(j) = -6*j**2 - 419*j + 4407. Give a(-80).
-473
Let q(u) = 54*u**3 - 61*u**2 - 57*u + 5. Calculate q(-1).
-53
Let h(p) = -14671*p - 293288. Determine h(-20).
132
Let r(i) = -7557*i - 52771. Give r(-7).
128
Let s(z) = -297*z**2 - 1604*z - 463. Calculate s(-5).
132
Let k(a) = a**3 - 20*a**2 + 776*a - 13297. Calculate k(18).
23
Let t(w) = 10*w - 1359. Determine t(99).
-369
Let c(p) = 3565*p + 1065730. What is c(-299)?
-205
Let d(m) = -m**2 - 163*m + 6295. Determine d(-196).
-173
Let m(b) = 14*b**2 - 2719*b - 4925. What is m(196)?
-25
Let q(a) = -15*a**3 - 4*a**2 - 156*a + 539. Calculate q(3).
-370
Let a(d) = -4336*d + 988613. Calculate a(228).
5
Let b(k) = k**2 + 340*k - 54799. Calculate b(119).
-178
Let p(j) = -61760*j + 864613. What is p(14)?
-27
Let f(m) = -7304*m + 94959. Determine f(13).
7
Let w(c) = 2*c**3 - 455*c**2 - 1447*c + 68313. What is w(230)?
3
Let i(y) = -7*y**3 + 1827*y**2 - 29*y + 7628. Determine i(261).
59
Let t(w) = -74*w**3 - 192*w**2 + 77*w - 23. Give t(-3).
16
Let y(b) = -58875*b + 2943758. Determine y(50).
8
Let o(y) = 985*y - 65975. What is o(67)?
20
Let a(f) = 62033*f + 1860989. Give a(-30).
-1
Let c(g) = -g**2 + 306*g + 363297. Give c(775).
-178
Let x(k) = 6*k**2 - 2630*k - 1752. Calculate x(439).
4
Let r(o) = o**2 + 21115*o + 316511. Determine r(-15).
11
Let w(q) = -38802*q - 40858503. Give w(-1053).
3
Let z(u) = -30647*u + 398376. Calculate z(13).
-35
Let r(f) = 2*f**3 - 16*f**2 - 125*f + 31. Determine r(-5).
6
Let q(b) = -4*b**2 - 2398*b - 53323. Calculate q(-23).
-285
Let n(x) = -x**3 - 15*x**2 + 305*x - 5932. Calculate n(-31).
-11
Let s(p) = -53*p**3 - 66*p**2 - 191*p - 8. Give s(-3).
1402
Let y(j) = -j**3 - 70*j**2 - 1196*j + 88. Calculate y(-40).
-72
Let b(i) = -40*i**2 - 24*i + 61. Calculate b(1).
-3
Let d(t) = -4867*t - 37458. Calculate d(-8).
1478
Let b(j) = 5*j**2 + 172*j + 1059. Give b(-30).
399
Let c(f) = -8*f**2 + 193*f + 6477. Give c(43).
-16
Let t(o) = 2*o**2 - 20478*o - 307624. Give t(-15).
-4
Let n(d) = -400880*d + 1. Determine n(0).
1
Let g(u) = 17*u**2 + 257*u + 154. Give g(-15).
124
Let s(j) = -9*j**3 + 26*j**2 + 414*j - 376. Determine s(8).
-8
Let w(m) = 2*m**3 - 216*m**2 - 122*m + 13162. Determine w(108).
-14
Let q(c) = -14020*c - 1051517. Give q(-75).
-17
Let z(n) = 292*n - 4822. Calculate z(13).
-1026
Let z(d) = -d**3 + 281*d**2 - 213*d - 18484. Determine z(280).
276
Let j(k) = -48*k**2 + 133*k + 197. Calculate j(-1).
16
Let c(v) = -492286*v - 3446014. Give c(-7).
-12
Let a(p) = -p**3 + 17*p**2 - 7056*p + 41939. Determine a(6).
-1
Let u(y) = 2*y**2 - 230*y - 10496. Determine u(-35).
4
Let z(c) = 1212*c - 30373. What is z(25)?
-73
Let z(h) = -643*h + 128470. Give z(198).
1156
Let m(d) = 560*d - 116552. Give m(208).
-72
Let w(s) = 19548*s - 78336. Determine w(4).
-144
Let a(w) = 2*w**2 + 29731*w - 595467. Give a(20).
-47
Let v(w) = 2*w**2 + 75*w - 450. Calculate v(-42).
-72
Let g(z) = z**3 + 117*z**2 - 719*z + 2324. Determine g(-123).
-13
Let z(x) = 340*x**2 - 28209*x - 952. Calculate z(83).
-39
Let t(v) = 2*v**3 + 102*v**2 - 2023*v + 666. What is t(15)?
21
Let n(g) = -8*g**2 + 1533*g + 12204. Determine n(-8).
-572
Let c(d) = -d**3 + 90*d**2 - 90*d + 8102. Calculate c(90).
2
Let j(y) = -5*y**2 + 40480*y - 161868. What is j(4)?
-28
Let n(w) = -49*w**3 - 3479*w**2 + 205*w + 14548. Calculate n(-71).
-7
Let c(h) = 36*h**3 - 361*h**2 - 1428*h + 36. Calculate c(-4).
-2332
Let s(z) = 39*z**2 - 10332*z - 780. Give s(265).
15
Let z(j) = -164*j**3 - 3*j**2 + 41*j - 80. Determine z(2).
-1322
Let b(p) = -529*p**2 - 39671*p + 302. Determine b(-75).
2
Let r(c) = 43*c**3 + 103*c**2 - 230*c + 177. Determine r(-4).
-7
Let f(u) = -u**3 + 540*u**2 + 27636*u - 27594. Give f(587).
-5
Let h(d) = -4178*d - 217251. Give h(-52).
5
Let p(z) = 42*z**3 + 624*z**2 - 88*z + 27. Calculate p(-15).
-3
Let h(q) = -2*q**2 + 1435*q - 37034. Determine h(27).
253
Let z(u) = u**2 - 740*u + 16516. Calculate z(22).
720
Let s(h) = 473*h - 7135. Give s(18).
1379
Let g(k) = -766*k**2 - 402*k - 735. Determine g(-2).
-2995
Let h(d) = 11*d**2 + 462*d + 6. Give h(0).
6
Let q(c) = 7*c**2 - 1211*c + 12486. What is q(162)?
12
Let l(k) = -k**2 + 244*k + 506486. Determine l(-600).
86
Let g(v) = -2*v**3 - 41*v**2 + 3419*v - 10751. Determine g(-54).
-5
Let h(b) = 2213*b - 371758. Determine h(168).
26
Let y(a) = a**3 + 439*a**2 + 21774*a + 29. Determine y(-57).
29
Let b(d) = -d**3 - 722*d**2 + 2887*d + 69. Calculate b(4).
1
Let j(b) = -18*b**3 - 94*b**2 - 36*b - 79. Give j(-5).
1
Let m(r) = -r**3 + 168*r**2 - 547*r + 8596. Give m(165).
16
Let l(v) = -19*v**2 + 148*v - 876. What is l(6)?
-672
Let j(w) = 